{"id":75,"date":"2026-03-25T15:22:45","date_gmt":"2026-03-25T14:22:45","guid":{"rendered":"https:\/\/blog15.csmac-ngo.org\/?page_id=75"},"modified":"2026-03-25T15:26:34","modified_gmt":"2026-03-25T14:26:34","slug":"evenements","status":"publish","type":"page","link":"https:\/\/blog15.csmac-ngo.org\/?page_id=75","title":{"rendered":"Ev\u00e9nements"},"content":{"rendered":"\n<h2 class=\"wp-block-heading has-text-align-center\">La Mayennaise \u00e0 V\u00e9lo<\/h2>\n\n\n\n<figure class=\"wp-block-image aligncenter size-full\"><img loading=\"lazy\" decoding=\"async\" width=\"770\" height=\"380\" src=\"https:\/\/blog15.csmac-ngo.org\/wp-content\/uploads\/2026\/03\/Montgiroux-roule_D7C4710_0-copy-1.jpg.webp\" alt=\"\" class=\"wp-image-28\" srcset=\"https:\/\/blog15.csmac-ngo.org\/wp-content\/uploads\/2026\/03\/Montgiroux-roule_D7C4710_0-copy-1.jpg.webp 770w, https:\/\/blog15.csmac-ngo.org\/wp-content\/uploads\/2026\/03\/Montgiroux-roule_D7C4710_0-copy-1.jpg-300x148.webp 300w, https:\/\/blog15.csmac-ngo.org\/wp-content\/uploads\/2026\/03\/Montgiroux-roule_D7C4710_0-copy-1.jpg-768x379.webp 768w\" sizes=\"auto, (max-width: 770px) 100vw, 770px\" \/><\/figure>\n\n\n\n<p>La La Mayennaise \u00e0 v\u00e9lo est un \u00e9v\u00e9nement convivial qui rassemble chaque ann\u00e9e des passionn\u00e9s de cyclisme de tous niveaux. Organis\u00e9e dans le d\u00e9partement de la Mayenne, cette randonn\u00e9e propose plusieurs parcours adapt\u00e9s, permettant aux familles comme aux sportifs confirm\u00e9s de profiter des paysages verdoyants de la r\u00e9gion. L\u2019ambiance y est chaleureuse, avec des ravitaillements r\u00e9guliers et des animations qui ponctuent le trajet.<\/p>\n\n\n\n<p>Au-del\u00e0 de l\u2019aspect sportif, La Mayennaise \u00e0 v\u00e9lo met en valeur le patrimoine local, en faisant d\u00e9couvrir villages, chemins de campagne et sites naturels. C\u2019est aussi un moment de partage, o\u00f9 l\u2019esprit d\u2019entraide et de convivialit\u00e9 prime. Participer \u00e0 cet \u00e9v\u00e9nement, c\u2019est allier plaisir du v\u00e9lo, d\u00e9couverte du territoire et rencontre avec d\u2019autres passionn\u00e9s, dans une atmosph\u00e8re d\u00e9tendue et festive qui s\u00e9duit chaque ann\u00e9e de nombreux participants.<\/p>\n","protected":false},"excerpt":{"rendered":"<p>La Mayennaise \u00e0 V\u00e9lo La La Mayennaise \u00e0 v\u00e9lo est un \u00e9v\u00e9nement convivial qui rassemble chaque ann\u00e9e des passionn\u00e9s de [&hellip;]<\/p>\n","protected":false},"author":1,"featured_media":0,"parent":0,"menu_order":0,"comment_status":"closed","ping_status":"closed","template":"","meta":{"_uag_custom_page_level_css":"","site-sidebar-layout":"default","site-content-layout":"","ast-site-content-layout":"default","site-content-style":"default","site-sidebar-style":"default","ast-global-header-display":"","ast-banner-title-visibility":"","ast-main-header-display":"","ast-hfb-above-header-display":"","ast-hfb-below-header-display":"","ast-hfb-mobile-header-display":"","site-post-title":"disabled","ast-breadcrumbs-content":"","ast-featured-img":"","footer-sml-layout":"","ast-disable-related-posts":"","theme-transparent-header-meta":"","adv-header-id-meta":"","stick-header-meta":"","header-above-stick-meta":"","header-main-stick-meta":"","header-below-stick-meta":"","astra-migrate-meta-layouts":"default","ast-page-background-enabled":"default","ast-page-background-meta":{"desktop":{"background-color":"var(--ast-global-color-5)","background-image":"","background-repeat":"repeat","background-position":"center center","background-size":"auto","background-attachment":"scroll","background-type":"","background-media":"","overlay-type":"","overlay-color":"","overlay-opacity":"","overlay-gradient":""},"tablet":{"background-color":"","background-image":"","background-repeat":"repeat","background-position":"center center","background-size":"auto","background-attachment":"scroll","background-type":"","background-media":"","overlay-type":"","overlay-color":"","overlay-opacity":"","overlay-gradient":""},"mobile":{"background-color":"","background-image":"","background-repeat":"repeat","background-position":"center center","background-size":"auto","background-attachment":"scroll","background-type":"","background-media":"","overlay-type":"","overlay-color":"","overlay-opacity":"","overlay-gradient":""}},"ast-content-background-meta":{"desktop":{"background-color":"var(--ast-global-color-4)","background-image":"","background-repeat":"repeat","background-position":"center center","background-size":"auto","background-attachment":"scroll","background-type":"","background-media":"","overlay-type":"","overlay-color":"","overlay-opacity":"","overlay-gradient":""},"tablet":{"background-color":"var(--ast-global-color-4)","background-image":"","background-repeat":"repeat","background-position":"center center","background-size":"auto","background-attachment":"scroll","background-type":"","background-media":"","overlay-type":"","overlay-color":"","overlay-opacity":"","overlay-gradient":""},"mobile":{"background-color":"var(--ast-global-color-4)","background-image":"","background-repeat":"repeat","background-position":"center center","background-size":"auto","background-attachment":"scroll","background-type":"","background-media":"","overlay-type":"","overlay-color":"","overlay-opacity":"","overlay-gradient":""}},"footnotes":""},"class_list":["post-75","page","type-page","status-publish","hentry"],"yoast_head":"<!-- This site is optimized with the Yoast SEO plugin v26.8 - https:\/\/yoast.com\/product\/yoast-seo-wordpress\/ -->\n<title>Ev\u00e9nements - V\u00e9lo &amp; Territoire<\/title>\n<meta name=\"robots\" content=\"index, follow, max-snippet:-1, max-image-preview:large, max-video-preview:-1\" \/>\n<link rel=\"canonical\" href=\"https:\/\/blog15.csmac-ngo.org\/?page_id=75\" \/>\n<meta property=\"og:locale\" content=\"fr_FR\" \/>\n<meta property=\"og:type\" content=\"article\" \/>\n<meta property=\"og:title\" content=\"Ev\u00e9nements - V\u00e9lo &amp; Territoire\" \/>\n<meta property=\"og:description\" content=\"La Mayennaise \u00e0 V\u00e9lo La La Mayennaise \u00e0 v\u00e9lo est un \u00e9v\u00e9nement convivial qui rassemble chaque ann\u00e9e des passionn\u00e9s de [&hellip;]\" \/>\n<meta property=\"og:url\" content=\"https:\/\/blog15.csmac-ngo.org\/?page_id=75\" \/>\n<meta property=\"og:site_name\" content=\"V\u00e9lo &amp; Territoire\" \/>\n<meta property=\"article:modified_time\" content=\"2026-03-25T14:26:34+00:00\" \/>\n<meta property=\"og:image\" content=\"https:\/\/blog15.csmac-ngo.org\/wp-content\/uploads\/2026\/03\/Montgiroux-roule_D7C4710_0-copy-1.jpg.webp\" \/>\n\t<meta property=\"og:image:width\" content=\"770\" \/>\n\t<meta property=\"og:image:height\" content=\"380\" \/>\n\t<meta property=\"og:image:type\" content=\"image\/webp\" \/>\n<meta name=\"twitter:card\" content=\"summary_large_image\" \/>\n<meta name=\"twitter:label1\" content=\"Dur\u00e9e de lecture estim\u00e9e\" \/>\n\t<meta name=\"twitter:data1\" content=\"1 minute\" \/>\n<script type=\"application\/ld+json\" class=\"yoast-schema-graph\">{\"@context\":\"https:\/\/schema.org\",\"@graph\":[{\"@type\":\"WebPage\",\"@id\":\"https:\/\/blog15.csmac-ngo.org\/?page_id=75\",\"url\":\"https:\/\/blog15.csmac-ngo.org\/?page_id=75\",\"name\":\"Ev\u00e9nements - V\u00e9lo &amp; Territoire\",\"isPartOf\":{\"@id\":\"https:\/\/blog15.csmac-ngo.org\/#website\"},\"primaryImageOfPage\":{\"@id\":\"https:\/\/blog15.csmac-ngo.org\/?page_id=75#primaryimage\"},\"image\":{\"@id\":\"https:\/\/blog15.csmac-ngo.org\/?page_id=75#primaryimage\"},\"thumbnailUrl\":\"https:\/\/blog15.csmac-ngo.org\/wp-content\/uploads\/2026\/03\/Montgiroux-roule_D7C4710_0-copy-1.jpg.webp\",\"datePublished\":\"2026-03-25T14:22:45+00:00\",\"dateModified\":\"2026-03-25T14:26:34+00:00\",\"breadcrumb\":{\"@id\":\"https:\/\/blog15.csmac-ngo.org\/?page_id=75#breadcrumb\"},\"inLanguage\":\"fr-FR\",\"potentialAction\":[{\"@type\":\"ReadAction\",\"target\":[\"https:\/\/blog15.csmac-ngo.org\/?page_id=75\"]}]},{\"@type\":\"ImageObject\",\"inLanguage\":\"fr-FR\",\"@id\":\"https:\/\/blog15.csmac-ngo.org\/?page_id=75#primaryimage\",\"url\":\"https:\/\/blog15.csmac-ngo.org\/wp-content\/uploads\/2026\/03\/Montgiroux-roule_D7C4710_0-copy-1.jpg.webp\",\"contentUrl\":\"https:\/\/blog15.csmac-ngo.org\/wp-content\/uploads\/2026\/03\/Montgiroux-roule_D7C4710_0-copy-1.jpg.webp\",\"width\":770,\"height\":380},{\"@type\":\"BreadcrumbList\",\"@id\":\"https:\/\/blog15.csmac-ngo.org\/?page_id=75#breadcrumb\",\"itemListElement\":[{\"@type\":\"ListItem\",\"position\":1,\"name\":\"Accueil\",\"item\":\"https:\/\/blog15.csmac-ngo.org\/\"},{\"@type\":\"ListItem\",\"position\":2,\"name\":\"Ev\u00e9nements\"}]},{\"@type\":\"WebSite\",\"@id\":\"https:\/\/blog15.csmac-ngo.org\/#website\",\"url\":\"https:\/\/blog15.csmac-ngo.org\/\",\"name\":\"V\u00e9lo &amp; Territoire\",\"description\":\"Randonn\u00e9es et \u00e9v\u00e9nements cycliste en Mayenne\",\"publisher\":{\"@id\":\"https:\/\/blog15.csmac-ngo.org\/#organization\"},\"potentialAction\":[{\"@type\":\"SearchAction\",\"target\":{\"@type\":\"EntryPoint\",\"urlTemplate\":\"https:\/\/blog15.csmac-ngo.org\/?s={search_term_string}\"},\"query-input\":{\"@type\":\"PropertyValueSpecification\",\"valueRequired\":true,\"valueName\":\"search_term_string\"}}],\"inLanguage\":\"fr-FR\"},{\"@type\":\"Organization\",\"@id\":\"https:\/\/blog15.csmac-ngo.org\/#organization\",\"name\":\"V\u00e9lo &amp; Territoire\",\"url\":\"https:\/\/blog15.csmac-ngo.org\/\",\"logo\":{\"@type\":\"ImageObject\",\"inLanguage\":\"fr-FR\",\"@id\":\"https:\/\/blog15.csmac-ngo.org\/#\/schema\/logo\/image\/\",\"url\":\"https:\/\/blog15.csmac-ngo.org\/wp-content\/uploads\/2026\/03\/cropped-Exo1-favicon-velo.png\",\"contentUrl\":\"https:\/\/blog15.csmac-ngo.org\/wp-content\/uploads\/2026\/03\/cropped-Exo1-favicon-velo.png\",\"width\":225,\"height\":148,\"caption\":\"V\u00e9lo &amp; Territoire\"},\"image\":{\"@id\":\"https:\/\/blog15.csmac-ngo.org\/#\/schema\/logo\/image\/\"}}]}<\/script>\n<!-- \/ Yoast SEO plugin. -->","yoast_head_json":{"title":"Ev\u00e9nements - V\u00e9lo &amp; Territoire","robots":{"index":"index","follow":"follow","max-snippet":"max-snippet:-1","max-image-preview":"max-image-preview:large","max-video-preview":"max-video-preview:-1"},"canonical":"https:\/\/blog15.csmac-ngo.org\/?page_id=75","og_locale":"fr_FR","og_type":"article","og_title":"Ev\u00e9nements - V\u00e9lo &amp; Territoire","og_description":"La Mayennaise \u00e0 V\u00e9lo La La Mayennaise \u00e0 v\u00e9lo est un \u00e9v\u00e9nement convivial qui rassemble chaque ann\u00e9e des passionn\u00e9s de [&hellip;]","og_url":"https:\/\/blog15.csmac-ngo.org\/?page_id=75","og_site_name":"V\u00e9lo &amp; Territoire","article_modified_time":"2026-03-25T14:26:34+00:00","og_image":[{"width":770,"height":380,"url":"https:\/\/blog15.csmac-ngo.org\/wp-content\/uploads\/2026\/03\/Montgiroux-roule_D7C4710_0-copy-1.jpg.webp","type":"image\/webp"}],"twitter_card":"summary_large_image","twitter_misc":{"Dur\u00e9e de lecture estim\u00e9e":"1 minute"},"schema":{"@context":"https:\/\/schema.org","@graph":[{"@type":"WebPage","@id":"https:\/\/blog15.csmac-ngo.org\/?page_id=75","url":"https:\/\/blog15.csmac-ngo.org\/?page_id=75","name":"Ev\u00e9nements - V\u00e9lo &amp; Territoire","isPartOf":{"@id":"https:\/\/blog15.csmac-ngo.org\/#website"},"primaryImageOfPage":{"@id":"https:\/\/blog15.csmac-ngo.org\/?page_id=75#primaryimage"},"image":{"@id":"https:\/\/blog15.csmac-ngo.org\/?page_id=75#primaryimage"},"thumbnailUrl":"https:\/\/blog15.csmac-ngo.org\/wp-content\/uploads\/2026\/03\/Montgiroux-roule_D7C4710_0-copy-1.jpg.webp","datePublished":"2026-03-25T14:22:45+00:00","dateModified":"2026-03-25T14:26:34+00:00","breadcrumb":{"@id":"https:\/\/blog15.csmac-ngo.org\/?page_id=75#breadcrumb"},"inLanguage":"fr-FR","potentialAction":[{"@type":"ReadAction","target":["https:\/\/blog15.csmac-ngo.org\/?page_id=75"]}]},{"@type":"ImageObject","inLanguage":"fr-FR","@id":"https:\/\/blog15.csmac-ngo.org\/?page_id=75#primaryimage","url":"https:\/\/blog15.csmac-ngo.org\/wp-content\/uploads\/2026\/03\/Montgiroux-roule_D7C4710_0-copy-1.jpg.webp","contentUrl":"https:\/\/blog15.csmac-ngo.org\/wp-content\/uploads\/2026\/03\/Montgiroux-roule_D7C4710_0-copy-1.jpg.webp","width":770,"height":380},{"@type":"BreadcrumbList","@id":"https:\/\/blog15.csmac-ngo.org\/?page_id=75#breadcrumb","itemListElement":[{"@type":"ListItem","position":1,"name":"Accueil","item":"https:\/\/blog15.csmac-ngo.org\/"},{"@type":"ListItem","position":2,"name":"Ev\u00e9nements"}]},{"@type":"WebSite","@id":"https:\/\/blog15.csmac-ngo.org\/#website","url":"https:\/\/blog15.csmac-ngo.org\/","name":"V\u00e9lo &amp; Territoire","description":"Randonn\u00e9es et \u00e9v\u00e9nements cycliste en Mayenne","publisher":{"@id":"https:\/\/blog15.csmac-ngo.org\/#organization"},"potentialAction":[{"@type":"SearchAction","target":{"@type":"EntryPoint","urlTemplate":"https:\/\/blog15.csmac-ngo.org\/?s={search_term_string}"},"query-input":{"@type":"PropertyValueSpecification","valueRequired":true,"valueName":"search_term_string"}}],"inLanguage":"fr-FR"},{"@type":"Organization","@id":"https:\/\/blog15.csmac-ngo.org\/#organization","name":"V\u00e9lo &amp; Territoire","url":"https:\/\/blog15.csmac-ngo.org\/","logo":{"@type":"ImageObject","inLanguage":"fr-FR","@id":"https:\/\/blog15.csmac-ngo.org\/#\/schema\/logo\/image\/","url":"https:\/\/blog15.csmac-ngo.org\/wp-content\/uploads\/2026\/03\/cropped-Exo1-favicon-velo.png","contentUrl":"https:\/\/blog15.csmac-ngo.org\/wp-content\/uploads\/2026\/03\/cropped-Exo1-favicon-velo.png","width":225,"height":148,"caption":"V\u00e9lo &amp; Territoire"},"image":{"@id":"https:\/\/blog15.csmac-ngo.org\/#\/schema\/logo\/image\/"}}]}},"uagb_featured_image_src":{"full":false,"thumbnail":false,"medium":false,"medium_large":false,"large":false,"1536x1536":false,"2048x2048":false},"uagb_author_info":{"display_name":"Lmerienne","author_link":"https:\/\/blog15.csmac-ngo.org\/?author=1"},"uagb_comment_info":0,"uagb_excerpt":"La Mayennaise \u00e0 V\u00e9lo La La Mayennaise \u00e0 v\u00e9lo est un \u00e9v\u00e9nement convivial qui rassemble chaque ann\u00e9e des passionn\u00e9s de [&hellip;]","_links":{"self":[{"href":"https:\/\/blog15.csmac-ngo.org\/index.php?rest_route=\/wp\/v2\/pages\/75","targetHints":{"allow":["GET"]}}],"collection":[{"href":"https:\/\/blog15.csmac-ngo.org\/index.php?rest_route=\/wp\/v2\/pages"}],"about":[{"href":"https:\/\/blog15.csmac-ngo.org\/index.php?rest_route=\/wp\/v2\/types\/page"}],"author":[{"embeddable":true,"href":"https:\/\/blog15.csmac-ngo.org\/index.php?rest_route=\/wp\/v2\/users\/1"}],"replies":[{"embeddable":true,"href":"https:\/\/blog15.csmac-ngo.org\/index.php?rest_route=%2Fwp%2Fv2%2Fcomments&post=75"}],"version-history":[{"count":2,"href":"https:\/\/blog15.csmac-ngo.org\/index.php?rest_route=\/wp\/v2\/pages\/75\/revisions"}],"predecessor-version":[{"id":88,"href":"https:\/\/blog15.csmac-ngo.org\/index.php?rest_route=\/wp\/v2\/pages\/75\/revisions\/88"}],"wp:attachment":[{"href":"https:\/\/blog15.csmac-ngo.org\/index.php?rest_route=%2Fwp%2Fv2%2Fmedia&parent=75"}],"curies":[{"name":"wp","href":"https:\/\/api.w.org\/{rel}","templated":true}]}}